{"id":43,"date":"2025-06-20T19:25:59","date_gmt":"2025-06-20T19:25:59","guid":{"rendered":"https:\/\/flytunisia.at\/?page_id=43"},"modified":"2025-06-21T17:48:49","modified_gmt":"2025-06-21T17:48:49","slug":"djerba-airport","status":"publish","type":"page","link":"https:\/\/flytunisia.at\/?page_id=43","title":{"rendered":"Djerba Airport"},"content":{"rendered":"\n<h3 class=\"wp-block-heading\">Flughafen Djerba<\/h3>\n\n\n\n<p>Der vollst\u00e4ndige Name des Flughafens lautet <strong>Internationaler Flughafen Djerba-Zarzis<\/strong>. Er tr\u00e4gt den IATA-Code <strong>DJE<\/strong> und den ICAO-Code <strong>DTTJ<\/strong>. Der Flughafen wird von der <strong>Office de l\u2019Aviation Civile et des A\u00e9roports (OACA)<\/strong> betrieben.<\/p>\n\n\n\n<p>Er befindet sich etwa neun Kilometer westlich der Inselhauptstadt <strong>Houmt Souk<\/strong>, in der N\u00e4he der kleineren Stadt <strong>Mellita<\/strong>. Der Flughafen wurde im Jahr <strong>1970<\/strong> er\u00f6ffnet, um Touristen direkt auf die Insel <strong>Djerba<\/strong> zu bringen.<\/p>\n\n\n\n<p>Der Flughafen Zarzis verf\u00fcgt \u00fcber <strong>ein Terminal<\/strong>, das im Jahr <strong>2007 modernisiert<\/strong> und auf <strong>drei Ebenen<\/strong> erweitert wurde. Die j\u00e4hrliche Kapazit\u00e4t liegt bei \u00fcber <strong>vier Millionen Passagieren<\/strong>.<\/p>\n\n\n\n<h3 class=\"wp-block-heading\">Flugverbindungen<\/h3>\n\n\n\n<p>Der Flughafen Djerba dient haupts\u00e4chlich als <strong>saisonaler Flughafen<\/strong>, der <strong>europ\u00e4ische Urlauber mit der Insel Djerba<\/strong> verbindet.<\/p>\n\n\n\n<h3 class=\"wp-block-heading\">Transport &amp; Mobilit\u00e4t<\/h3>\n\n\n\n<p>Am Flughafen stehen <strong>\u00fcber 650 Parkpl\u00e4tze<\/strong> f\u00fcr Reisende mit dem Auto zur Verf\u00fcgung. Es gibt <strong>\u00f6ffentliche Busverbindungen<\/strong>, doch die Fahrt mit dem <strong>Taxi ist sehr preiswert<\/strong> und eine bequeme Art, sich fortzubewegen. Alternativ k\u00f6nnen Sie auch <strong>einen Mietwagen nehmen<\/strong> und die Insel auf eigene Faust entdecken.<\/p>\n\n\n\n<p><\/p>\n\n\n\n<p><strong>Flughafen Information: <\/strong><\/p>\n\n\n\n<p>Adresse: Mellitta Tunesien<\/p>\n\n\n\n<p>Tel: + 216 75 650 233<\/p>\n\n\n\n<p><strong><a href=\"https:\/\/www.djerbaairport.net\/\" data-type=\"link\" data-id=\"https:\/\/www.djerbaairport.net\/\">Airport Djerba Zarzis<\/a><\/strong><\/p>\n\n\n\n<figure class=\"wp-block-image size-full\"><img loading=\"lazy\" decoding=\"async\" width=\"1024\" height=\"577\" src=\"https:\/\/flytunisia.at\/wp-content\/uploads\/2025\/06\/Djerba-Airport-1024x577-1-1.jpeg\" alt=\"\" class=\"wp-image-171\" srcset=\"https:\/\/flytunisia.at\/wp-content\/uploads\/2025\/06\/Djerba-Airport-1024x577-1-1.jpeg 1024w, https:\/\/flytunisia.at\/wp-content\/uploads\/2025\/06\/Djerba-Airport-1024x577-1-1-300x169.jpeg 300w, https:\/\/flytunisia.at\/wp-content\/uploads\/2025\/06\/Djerba-Airport-1024x577-1-1-768x433.jpeg 768w\" sizes=\"(max-width: 1024px) 100vw, 1024px\" \/><\/figure>\n","protected":false},"excerpt":{"rendered":"<p>Flughafen Djerba Der vollst\u00e4ndige Name des Flughafens lautet Internationaler Flughafen Djerba-Zarzis. Er tr\u00e4gt den IATA-Code DJE und den ICAO-Code DTTJ. Der Flughafen wird von der Office de l\u2019Aviation Civile et des A\u00e9roports (OACA) betrieben. Er befindet sich etwa neun Kilometer westlich der Inselhauptstadt Houmt Souk, in der N\u00e4he der kleineren Stadt Mellita. Der Flughafen wurde [&hellip;]<\/p>\n","protected":false},"author":1,"featured_media":0,"parent":0,"menu_order":0,"comment_status":"closed","ping_status":"closed","template":"","meta":{"saved_in_kubio":false,"footnotes":""},"class_list":["post-43","page","type-page","status-publish","hentry"],"kubio_ai_page_context":{"short_desc":"","purpose":"general"},"_links":{"self":[{"href":"https:\/\/flytunisia.at\/index.php?rest_route=\/wp\/v2\/pages\/43","targetHints":{"allow":["GET"]}}],"collection":[{"href":"https:\/\/flytunisia.at\/index.php?rest_route=\/wp\/v2\/pages"}],"about":[{"href":"https:\/\/flytunisia.at\/index.php?rest_route=\/wp\/v2\/types\/page"}],"author":[{"embeddable":true,"href":"https:\/\/flytunisia.at\/index.php?rest_route=\/wp\/v2\/users\/1"}],"replies":[{"embeddable":true,"href":"https:\/\/flytunisia.at\/index.php?rest_route=%2Fwp%2Fv2%2Fcomments&post=43"}],"version-history":[{"count":6,"href":"https:\/\/flytunisia.at\/index.php?rest_route=\/wp\/v2\/pages\/43\/revisions"}],"predecessor-version":[{"id":173,"href":"https:\/\/flytunisia.at\/index.php?rest_route=\/wp\/v2\/pages\/43\/revisions\/173"}],"wp:attachment":[{"href":"https:\/\/flytunisia.at\/index.php?rest_route=%2Fwp%2Fv2%2Fmedia&parent=43"}],"curies":[{"name":"wp","href":"https:\/\/api.w.org\/{rel}","templated":true}]}}