{"id":37,"date":"2025-06-20T19:24:46","date_gmt":"2025-06-20T19:24:46","guid":{"rendered":"https:\/\/flytunisia.at\/?page_id=37"},"modified":"2025-06-21T10:03:50","modified_gmt":"2025-06-21T10:03:50","slug":"tunis-airport","status":"publish","type":"page","link":"https:\/\/flytunisia.at\/?page_id=37","title":{"rendered":"Tunis Airport"},"content":{"rendered":"\n<p>Der Flughafen Tunis ist der wichtigste Flughafen Tunesiens und wird auch als <strong>Flughafen Tunis\u2013Karthago<\/strong> bezeichnet. Er dient als Basis f\u00fcr vier Fluggesellschaften: <strong>Nouvelair Tunisia, Tunisair, Tunisavia<\/strong> und <strong>Sevenair<\/strong>.<\/p>\n\n\n\n<p>Als bedeutendster Flughafen des Landes bedient der Flughafen Tunis j\u00e4hrlich <strong>mehr als eine Million Passagiere<\/strong>. Er befindet sich in g\u00fcnstiger Lage, nur <strong>etwa sechs Kilometer von Tunis<\/strong> entfernt. Zudem ist er der einzige Flughafen in unmittelbarer N\u00e4he zur ber\u00fchmten Stadt <strong>Karthago<\/strong>, einem beliebten Reiseziel f\u00fcr Geschichtsinteressierte.<\/p>\n\n\n\n<p>Der Flughafen Tunis verf\u00fcgt \u00fcber <strong>erstklassige Einrichtungen<\/strong>, die regelm\u00e4\u00dfig gewartet und modernisiert werden, um den Anforderungen der stetig wachsenden Passagierzahl gerecht zu werden. Diese Einrichtungen erm\u00f6glichen den Reisenden ein <strong>ganzheitliches und komfortables Erlebnis<\/strong> w\u00e4hrend ihres Aufenthalts am Flughafen.<\/p>\n\n\n\n<p>Airport Tunis Information <\/p>\n\n\n\n<p>Adresse : A\u00e9roport International Tunis Carthage, BP 137 &amp; 147 &#8211; 1080 Tunis Cedex<br>T\u00e9l\u00e9phone : + 216 &#8211; 71 754 000 &#8211; 71 755 000 &#8211; 71 848 000<\/p>\n\n\n\n<p><a href=\"https:\/\/www.tunis-airport.com\/\" data-type=\"link\" data-id=\"https:\/\/www.tunis-airport.com\/\">Airport Tunis <\/a><\/p>\n\n\n\n<figure class=\"wp-block-gallery has-nested-images columns-default is-cropped wp-block-gallery-1 is-layout-flex wp-block-gallery-is-layout-flex\">\n<figure class=\"wp-block-image size-large\"><img loading=\"lazy\" decoding=\"async\" width=\"750\" height=\"450\" data-id=\"127\" src=\"https:\/\/flytunisia.at\/wp-content\/uploads\/2025\/06\/tunis-airport.webp\" alt=\"\" class=\"wp-image-127\" srcset=\"https:\/\/flytunisia.at\/wp-content\/uploads\/2025\/06\/tunis-airport.webp 750w, https:\/\/flytunisia.at\/wp-content\/uploads\/2025\/06\/tunis-airport-300x180.webp 300w\" sizes=\"(max-width: 750px) 100vw, 750px\" \/><\/figure>\n<\/figure>\n\n\n\n<p><\/p>\n","protected":false},"excerpt":{"rendered":"<p>Der Flughafen Tunis ist der wichtigste Flughafen Tunesiens und wird auch als Flughafen Tunis\u2013Karthago bezeichnet. Er dient als Basis f\u00fcr vier Fluggesellschaften: Nouvelair Tunisia, Tunisair, Tunisavia und Sevenair. Als bedeutendster Flughafen des Landes bedient der Flughafen Tunis j\u00e4hrlich mehr als eine Million Passagiere. Er befindet sich in g\u00fcnstiger Lage, nur etwa sechs Kilometer von Tunis [&hellip;]<\/p>\n","protected":false},"author":1,"featured_media":0,"parent":0,"menu_order":0,"comment_status":"closed","ping_status":"closed","template":"","meta":{"saved_in_kubio":false,"footnotes":""},"class_list":["post-37","page","type-page","status-publish","hentry"],"kubio_ai_page_context":{"short_desc":"","purpose":"general"},"_links":{"self":[{"href":"https:\/\/flytunisia.at\/index.php?rest_route=\/wp\/v2\/pages\/37","targetHints":{"allow":["GET"]}}],"collection":[{"href":"https:\/\/flytunisia.at\/index.php?rest_route=\/wp\/v2\/pages"}],"about":[{"href":"https:\/\/flytunisia.at\/index.php?rest_route=\/wp\/v2\/types\/page"}],"author":[{"embeddable":true,"href":"https:\/\/flytunisia.at\/index.php?rest_route=\/wp\/v2\/users\/1"}],"replies":[{"embeddable":true,"href":"https:\/\/flytunisia.at\/index.php?rest_route=%2Fwp%2Fv2%2Fcomments&post=37"}],"version-history":[{"count":4,"href":"https:\/\/flytunisia.at\/index.php?rest_route=\/wp\/v2\/pages\/37\/revisions"}],"predecessor-version":[{"id":129,"href":"https:\/\/flytunisia.at\/index.php?rest_route=\/wp\/v2\/pages\/37\/revisions\/129"}],"wp:attachment":[{"href":"https:\/\/flytunisia.at\/index.php?rest_route=%2Fwp%2Fv2%2Fmedia&parent=37"}],"curies":[{"name":"wp","href":"https:\/\/api.w.org\/{rel}","templated":true}]}}