{"id":22,"date":"2025-06-20T19:18:22","date_gmt":"2025-06-20T19:18:22","guid":{"rendered":"https:\/\/flytunisia.at\/?page_id=22"},"modified":"2025-06-27T08:24:53","modified_gmt":"2025-06-27T08:24:53","slug":"agentur","status":"publish","type":"page","link":"https:\/\/flytunisia.at\/?page_id=22","title":{"rendered":"Agentur"},"content":{"rendered":"\n<figure class=\"wp-block-image size-large is-resized\"><img loading=\"lazy\" decoding=\"async\" width=\"1024\" height=\"376\" src=\"https:\/\/flytunisia.at\/wp-content\/uploads\/2025\/06\/flytunisia-logo-1-1024x376.jpg\" alt=\"\" class=\"wp-image-475\" style=\"width:114px;height:auto\" srcset=\"https:\/\/flytunisia.at\/wp-content\/uploads\/2025\/06\/flytunisia-logo-1-1024x376.jpg 1024w, https:\/\/flytunisia.at\/wp-content\/uploads\/2025\/06\/flytunisia-logo-1-300x110.jpg 300w, https:\/\/flytunisia.at\/wp-content\/uploads\/2025\/06\/flytunisia-logo-1-768x282.jpg 768w, https:\/\/flytunisia.at\/wp-content\/uploads\/2025\/06\/flytunisia-logo-1-1536x564.jpg 1536w, https:\/\/flytunisia.at\/wp-content\/uploads\/2025\/06\/flytunisia-logo-1.jpg 1716w\" sizes=\"(max-width: 1024px) 100vw, 1024px\" \/><\/figure>\n\n\n\n<h3 class=\"wp-block-heading\"><strong>Fly Tunisia \u2013 Buchbar in jedem Reiseb\u00fcro in ganz \u00d6sterreich<\/strong><\/h3>\n\n\n\n<p>Die Fl\u00fcge von Fly Tunisia sind \u00f6sterreichweit in jedem Reiseb\u00fcro buchbar. Die Preise f\u00fcr Endkunden sind einheitlich, unabh\u00e4ngig davon, \u00fcber welches Reiseb\u00fcro die Buchung erfolgt.<\/p>\n\n\n\n<p>Reiseb\u00fcros erhalten f\u00fcr jede Buchung eine attraktive Provision direkt von Fly Tunisia.Um als offizieller Vertriebspartner zu agieren und einen Agenturvertrag mit Fly Tunisia zu erhalten, ben\u00f6tigen Reiseb\u00fcros lediglich einen aufrechten Gewerbeschein im Bereich Reiseb\u00fcro ode<strong>r <\/strong>Reisevermittlung.<\/p>\n\n\n<div class=\"wpforms-container wpforms-container-full wpforms-block wpforms-block-ab2d1e12-3615-4581-a8a8-9f1a1e9477ec wpforms-render-modern\" id=\"wpforms-415\"><form id=\"wpforms-form-415\" class=\"wpforms-validate wpforms-form wpforms-ajax-form\" data-formid=\"415\" method=\"post\" enctype=\"multipart\/form-data\" action=\"\/index.php?rest_route=%2Fwp%2Fv2%2Fpages%2F22\" data-token=\"f1e6aea967995674817a8534dd3813ab\" data-token-time=\"1775391939\"><noscript class=\"wpforms-error-noscript\">Bitte aktiviere JavaScript in deinem Browser, um dieses Formular fertigzustellen.<\/noscript><div class=\"wpforms-hidden\" id=\"wpforms-error-noscript\">Bitte aktiviere JavaScript in deinem Browser, um dieses Formular fertigzustellen.<\/div><div class=\"wpforms-field-container\"><div id=\"wpforms-415-field_1-container\" class=\"wpforms-field wpforms-field-name\" data-field-id=\"1\"><fieldset><legend class=\"wpforms-field-label\">Name <span class=\"wpforms-required-label\" aria-hidden=\"true\">*<\/span><\/legend><div class=\"wpforms-field-row wpforms-field-medium\"><div class=\"wpforms-field-row-block wpforms-first wpforms-one-half\"><input type=\"text\" id=\"wpforms-415-field_1\" class=\"wpforms-field-name-first wpforms-field-required\" name=\"wpforms[fields][1][first]\" aria-errormessage=\"wpforms-415-field_1-error\" required><label for=\"wpforms-415-field_1\" class=\"wpforms-field-sublabel after\">Vorname<\/label><\/div><div class=\"wpforms-field-row-block wpforms-one-half\"><input type=\"text\" id=\"wpforms-415-field_1-last\" class=\"wpforms-field-name-last wpforms-field-required\" name=\"wpforms[fields][1][last]\" aria-errormessage=\"wpforms-415-field_1-last-error\" required><label for=\"wpforms-415-field_1-last\" class=\"wpforms-field-sublabel after\">Nachname<\/label><\/div><\/div><\/fieldset><\/div><div id=\"wpforms-415-field_3-container\" class=\"wpforms-field wpforms-field-phone\" data-field-id=\"3\"><label class=\"wpforms-field-label\" for=\"wpforms-415-field_3\">Telefonnummer<\/label><input type=\"tel\" id=\"wpforms-415-field_3\" class=\"wpforms-field-medium wpforms-smart-phone-field\" data-rule-smart-phone-field=\"true\" name=\"wpforms[fields][3]\" aria-label=\"Telefonnummer\" aria-errormessage=\"wpforms-415-field_3-error\" ><\/div><div id=\"wpforms-415-field_4-container\" class=\"wpforms-field wpforms-field-email\" data-field-id=\"4\"><label class=\"wpforms-field-label\" for=\"wpforms-415-field_4\">E-Mail-Adresse <span class=\"wpforms-required-label\" aria-hidden=\"true\">*<\/span><\/label><input type=\"email\" id=\"wpforms-415-field_4\" class=\"wpforms-field-medium wpforms-field-required\" name=\"wpforms[fields][4]\" spellcheck=\"false\" aria-errormessage=\"wpforms-415-field_4-error\" required><\/div><div id=\"wpforms-415-field_2-container\" class=\"wpforms-field wpforms-field-address\" data-field-id=\"2\"><fieldset><legend class=\"wpforms-field-label\">Adresse<\/legend><div class=\"wpforms-field-row wpforms-field-medium\"><div ><input type=\"text\" id=\"wpforms-415-field_2\" class=\"wpforms-field-address-address1\" name=\"wpforms[fields][2][address1]\" aria-errormessage=\"wpforms-415-field_2-error\" ><label for=\"wpforms-415-field_2\" class=\"wpforms-field-sublabel after\">Adresse Zeile 1<\/label><\/div><\/div><div class=\"wpforms-field-row wpforms-field-medium\"><div ><input type=\"text\" id=\"wpforms-415-field_2-address2\" class=\"wpforms-field-address-address2\" name=\"wpforms[fields][2][address2]\" aria-errormessage=\"wpforms-415-field_2-address2-error\" ><label for=\"wpforms-415-field_2-address2\" class=\"wpforms-field-sublabel after\">Anschrift Zusatz<\/label><\/div><\/div><div class=\"wpforms-field-row wpforms-field-medium\"><div class=\"wpforms-field-row-block wpforms-one-half wpforms-first\"><input type=\"text\" id=\"wpforms-415-field_2-city\" class=\"wpforms-field-address-city\" name=\"wpforms[fields][2][city]\" aria-errormessage=\"wpforms-415-field_2-city-error\" ><label for=\"wpforms-415-field_2-city\" class=\"wpforms-field-sublabel after\">Stadt<\/label><\/div><div class=\"wpforms-field-row-block wpforms-one-half\"><select id=\"wpforms-415-field_2-state\" class=\"wpforms-field-address-state\" name=\"wpforms[fields][2][state]\" aria-errormessage=\"wpforms-415-field_2-state-error\" ><option class=\"placeholder\" value=\"\" selected disabled>&#8212; W\u00e4hle state &#8212;<\/option><option value=\"AL\" >Alabama<\/option><option value=\"AK\" >Alaska<\/option><option value=\"AZ\" >Arizona<\/option><option value=\"AR\" >Arkansas<\/option><option value=\"CA\" >Kalifornien<\/option><option value=\"CO\" >Colorado<\/option><option value=\"CT\" >Connecticut<\/option><option value=\"DE\" >Delaware<\/option><option value=\"DC\" >Washington, D.C.<\/option><option value=\"FL\" >Florida<\/option><option value=\"GA\" >Georgia<\/option><option value=\"HI\" >Hawaii<\/option><option value=\"ID\" >Idaho<\/option><option value=\"IL\" >Illinois<\/option><option value=\"IN\" >Indiana<\/option><option value=\"IA\" >Iowa<\/option><option value=\"KS\" >Kansas<\/option><option value=\"KY\" >Kentucky<\/option><option value=\"LA\" >Louisiana<\/option><option value=\"ME\" >Maine<\/option><option value=\"MD\" >Maryland<\/option><option value=\"MA\" >Massachusetts<\/option><option value=\"MI\" >Michigan<\/option><option value=\"MN\" >Minnesota<\/option><option value=\"MS\" >Mississippi<\/option><option value=\"MO\" >Missouri<\/option><option value=\"MT\" >Montana<\/option><option value=\"NE\" >Nebraska<\/option><option value=\"NV\" >Nevada<\/option><option value=\"NH\" >New Hampshire<\/option><option value=\"NJ\" >New Jersey<\/option><option value=\"NM\" >New Mexico<\/option><option value=\"NY\" >New York<\/option><option value=\"NC\" >North Carolina<\/option><option value=\"ND\" >North Dakota<\/option><option value=\"OH\" >Ohio<\/option><option value=\"OK\" >Oklahoma<\/option><option value=\"OR\" >Oregon<\/option><option value=\"PA\" >Pennsylvania<\/option><option value=\"RI\" >Rhode Island<\/option><option value=\"SC\" >South Carolina<\/option><option value=\"SD\" >South Dakota<\/option><option value=\"TN\" >Tennessee<\/option><option value=\"TX\" >Texas<\/option><option value=\"UT\" >Utah<\/option><option value=\"VT\" >Vermont<\/option><option value=\"VA\" >Virginia<\/option><option value=\"WA\" >Washington<\/option><option value=\"WV\" >West Virginia<\/option><option value=\"WI\" >Wisconsin<\/option><option value=\"WY\" >Wyoming<\/option><\/select><label for=\"wpforms-415-field_2-state\" class=\"wpforms-field-sublabel after\">Bundesland<\/label><\/div><\/div><div class=\"wpforms-field-row wpforms-field-medium\"><div class=\"wpforms-field-row-block wpforms-one-half wpforms-first\"><input type=\"text\" id=\"wpforms-415-field_2-postal\" class=\"wpforms-field-address-postal wpforms-masked-input\" data-inputmask-mask=\"(99999)|(99999-9999)\" data-inputmask-keepstatic=\"true\" data-rule-inputmask-incomplete=\"1\" name=\"wpforms[fields][2][postal]\" aria-errormessage=\"wpforms-415-field_2-postal-error\" ><label for=\"wpforms-415-field_2-postal\" class=\"wpforms-field-sublabel after\">Postleitzahl<\/label><\/div><\/div><\/fieldset><\/div><div id=\"wpforms-415-field_5-container\" class=\"wpforms-field wpforms-field-textarea\" data-field-id=\"5\"><label class=\"wpforms-field-label\" for=\"wpforms-415-field_5\">Handelsregisternummer<\/label><textarea id=\"wpforms-415-field_5\" class=\"wpforms-field-medium\" name=\"wpforms[fields][5]\" aria-errormessage=\"wpforms-415-field_5-error\" ><\/textarea><\/div>\t\t<div id=\"wpforms-415-field_9-container\"\n\t\t\tclass=\"wpforms-field wpforms-field-text\"\n\t\t\tdata-field-type=\"text\"\n\t\t\tdata-field-id=\"9\"\n\t\t\t>\n\t\t\t<label class=\"wpforms-field-label\" for=\"wpforms-415-field_9\" >Register Telefonnummer <\/label>\n\t\t\t<input type=\"text\" id=\"wpforms-415-field_9\" class=\"wpforms-field-medium\" name=\"wpforms[fields][9]\" >\n\t\t<\/div>\n\t\t<div id=\"wpforms-415-field_6-container\" class=\"wpforms-field wpforms-field-text\" data-field-id=\"6\"><label class=\"wpforms-field-label\" for=\"wpforms-415-field_6\">Firmen name  oder Vereine Name<\/label><input type=\"text\" id=\"wpforms-415-field_6\" class=\"wpforms-field-medium\" name=\"wpforms[fields][6]\" aria-errormessage=\"wpforms-415-field_6-error\" ><\/div><div id=\"wpforms-415-field_7-container\" class=\"wpforms-field wpforms-field-text\" data-field-id=\"7\"><label class=\"wpforms-field-label\" for=\"wpforms-415-field_7\">Gewerbe Gisa Zahl<\/label><input type=\"text\" id=\"wpforms-415-field_7\" class=\"wpforms-field-medium\" name=\"wpforms[fields][7]\" aria-errormessage=\"wpforms-415-field_7-error\" ><\/div><div id=\"wpforms-415-field_8-container\" class=\"wpforms-field wpforms-field-text\" data-field-id=\"8\"><label class=\"wpforms-field-label\" for=\"wpforms-415-field_8\">Vereiein Register <\/label><input type=\"text\" id=\"wpforms-415-field_8\" class=\"wpforms-field-medium\" name=\"wpforms[fields][8]\" aria-errormessage=\"wpforms-415-field_8-error\" ><\/div><script>\n\t\t\t\t( function() {\n\t\t\t\t\tconst style = document.createElement( 'style' );\n\t\t\t\t\tstyle.appendChild( document.createTextNode( '#wpforms-415-field_9-container { position: absolute !important; overflow: hidden !important; display: inline !important; height: 1px !important; width: 1px !important; z-index: -1000 !important; padding: 0 !important; } #wpforms-415-field_9-container input { visibility: hidden; } #wpforms-conversational-form-page #wpforms-415-field_9-container label { counter-increment: none; }' ) );\n\t\t\t\t\tdocument.head.appendChild( style );\n\t\t\t\t\tdocument.currentScript?.remove();\n\t\t\t\t} )();\n\t\t\t<\/script><\/div><!-- .wpforms-field-container --><div class=\"wpforms-recaptcha-container wpforms-is-recaptcha wpforms-is-recaptcha-type-v3\" ><input type=\"hidden\" name=\"wpforms[recaptcha]\" value=\"\"><\/div><div class=\"wpforms-submit-container\" ><input type=\"hidden\" name=\"wpforms[id]\" value=\"415\"><input type=\"hidden\" name=\"page_title\" value=\"\"><input type=\"hidden\" name=\"page_url\" value=\"https:\/\/flytunisia.at\/index.php?rest_route=\/wp\/v2\/pages\/22\"><input type=\"hidden\" name=\"url_referer\" value=\"\"><button type=\"submit\" name=\"wpforms[submit]\" id=\"wpforms-submit-415\" class=\"wpforms-submit\" data-alt-text=\"Wird gesendet\u00a0\u2026\" data-submit-text=\"Absenden\" aria-live=\"assertive\" value=\"wpforms-submit\">Absenden<\/button><img loading=\"lazy\" decoding=\"async\" src=\"https:\/\/flytunisia.at\/wp-content\/plugins\/wpforms\/assets\/images\/submit-spin.svg\" class=\"wpforms-submit-spinner\" style=\"display: none;\" width=\"26\" height=\"26\" alt=\"Wird geladen\"><\/div><\/form><\/div>  <!-- .wpforms-container -->","protected":false},"excerpt":{"rendered":"<p>Fly Tunisia \u2013 Buchbar in jedem Reiseb\u00fcro in ganz \u00d6sterreich Die Fl\u00fcge von Fly Tunisia sind \u00f6sterreichweit in jedem Reiseb\u00fcro buchbar. Die Preise f\u00fcr Endkunden sind einheitlich, unabh\u00e4ngig davon, \u00fcber welches Reiseb\u00fcro die Buchung erfolgt. Reiseb\u00fcros erhalten f\u00fcr jede Buchung eine attraktive Provision direkt von Fly Tunisia.Um als offizieller Vertriebspartner zu agieren und einen Agenturvertrag [&hellip;]<\/p>\n","protected":false},"author":1,"featured_media":0,"parent":0,"menu_order":0,"comment_status":"closed","ping_status":"closed","template":"","meta":{"saved_in_kubio":false,"footnotes":""},"class_list":["post-22","page","type-page","status-publish","hentry"],"kubio_ai_page_context":{"short_desc":"","purpose":"general"},"_links":{"self":[{"href":"https:\/\/flytunisia.at\/index.php?rest_route=\/wp\/v2\/pages\/22","targetHints":{"allow":["GET"]}}],"collection":[{"href":"https:\/\/flytunisia.at\/index.php?rest_route=\/wp\/v2\/pages"}],"about":[{"href":"https:\/\/flytunisia.at\/index.php?rest_route=\/wp\/v2\/types\/page"}],"author":[{"embeddable":true,"href":"https:\/\/flytunisia.at\/index.php?rest_route=\/wp\/v2\/users\/1"}],"replies":[{"embeddable":true,"href":"https:\/\/flytunisia.at\/index.php?rest_route=%2Fwp%2Fv2%2Fcomments&post=22"}],"version-history":[{"count":8,"href":"https:\/\/flytunisia.at\/index.php?rest_route=\/wp\/v2\/pages\/22\/revisions"}],"predecessor-version":[{"id":479,"href":"https:\/\/flytunisia.at\/index.php?rest_route=\/wp\/v2\/pages\/22\/revisions\/479"}],"wp:attachment":[{"href":"https:\/\/flytunisia.at\/index.php?rest_route=%2Fwp%2Fv2%2Fmedia&parent=22"}],"curies":[{"name":"wp","href":"https:\/\/api.w.org\/{rel}","templated":true}]}}